he prime factors of 117541?
117541
What are the prime factors of 2555078?
2, 233, 5483
List the prime factors of 5441871.
3, 61, 131, 227
List the prime factors of 16169877.
3, 383, 4691
What are the prime factors of 267619?
11, 24329
List the prime factors of 561205.
5, 112241
What are the prime factors of 30649310?
2, 5, 389, 7879
List the prime factors of 1799558.
2, 899779
List the prime factors of 9810257.
9810257
List the prime factors of 12502800.
2, 3, 5, 23, 151
What are the prime factors of 5249869?
5249869
What are the prime factors of 7792369?
13, 599413
List the prime factors of 421866.
2, 3, 23, 1019
What are the prime factors of 1050823?
89, 11807
What are the prime factors of 275662?
2, 137831
What are the prime factors of 21336301?
7, 3048043
What are the prime factors of 698444?
2, 283, 617
List the prime factors of 42461.
42461
What are the prime factors of 5239699?
23, 409, 557
What are the prime factors of 2093801?
2093801
What are the prime factors of 215307?
3, 47, 509
What are the prime factors of 6424526?
2, 3212263
What are the prime factors of 8192101?
2113, 3877
List the prime factors of 18974540.
2, 5, 13, 19, 23, 167
What are the prime factors of 917491?
19, 43, 1123
What are the prime factors of 5511528?
2, 3, 11, 6959
What are the prime factors of 13309555?
5, 7, 17, 22369
What are the prime factors of 8328198?
2, 3, 17, 81649
List the prime factors of 12180.
2, 3, 5, 7, 29
What are the prime factors of 264278?
2, 7, 43, 439
What are the prime factors of 352522?
2, 176261
What are the prime factors of 640428?
2, 3, 83, 643
What are the prime factors of 68213?
68213
What are the prime factors of 947272?
2, 118409
What are the prime factors of 117202?
2, 58601
List the prime factors of 2117533.
11, 163, 1181
List the prime factors of 1042397.
19, 83, 661
List the prime factors of 427806.
2, 3, 23767
What are the prime factors of 16437823?
16437823
What are the prime factors of 10586489?
61, 173549
List the prime factors of 223523.
107, 2089
List the prime factors of 517523.
23, 22501
What are the prime factors of 263026?
2, 347, 379
List the prime factors of 17824.
2, 557
What are the prime factors of 247488?
2, 3, 1289
List the prime factors of 980188.
2, 11, 22277
List the prime factors of 766227.
3, 7, 11, 31, 107
What are the prime factors of 5655885?
3, 5, 377059
List the prime factors of 14934621.
3, 13, 382939
What are the prime factors of 434916?
2, 3, 4027
What are the prime factors of 8351201?
8351201
List the prime factors of 5389090.
2, 5, 7, 167, 461
What are the prime factors of 8880599?
7, 13, 23, 4243
List the prime factors of 368423.
11, 33493
List the prime factors of 47943.
3, 7, 761
List the prime factors of 1670433.
3, 556811
What are the prime factors of 526419?
3, 67, 97
What are the prime factors of 447392?
2, 11, 31, 41
What are the prime factors of 2947578?
2, 3, 109, 4507
What are the prime factors of 615998?
2, 67, 4597
What are the prime factors of 168167?
211, 797
List the prime factors of 62653.
62653
List the prime factors of 3609894.
2, 3, 373, 1613
What are the prime factors of 2272368?
2, 3, 7, 6763
List the prime factors of 1522830.
2, 3, 5, 23, 2207
What are the prime factors of 222450?
2, 3, 5, 1483
List the prime factors of 43.
43
What are the prime factors of 11704275?
3, 5, 11, 4729
List the prime factors of 817413.
3, 79, 3449
What are the prime factors of 7721603?
271, 28493
What are the prime factors of 9629170?
2, 5, 739, 1303
What are the prime factors of 10761332?
2, 23, 53, 2207
List the prime factors of 4965936.
2, 3, 103457
What are the prime factors of 37596588?
2, 3, 17, 37, 293
What are the prime factors of 285578?
2, 142789
What are the prime factors of 4097308?
2, 1024327
List the prime factors of 2816719.
59, 47741
What are the prime factors of 15016321?
17, 619, 1427
List the prime factors of 1233482.
2, 616741
What are the prime factors of 1226982?
2, 3, 19, 47, 229
List the prime factors of 63252.
2, 3, 7, 251
List the prime factors of 30797862.
2, 3, 1033, 4969
List the prime factors of 186004.
2, 7, 13, 73
List the prime factors of 567420.
2, 3, 5, 7, 193
List the prime factors of 632260.
2, 5, 101, 313
What are the prime factors of 2154569?
431, 4999
What are the prime factors of 12642634?
2, 137, 46141
List the prime factors of 611527.
7, 199, 439
List the prime factors of 6033555.
3, 5, 11, 17, 239
What are the prime factors of 166090?
2, 5, 17, 977
What are the prime factors of 11720737?
7, 1674391
What are the prime factors of 46309?
46309
List the prime factors of 18745887.
3, 227, 27527
What are the prime factors of 47422?
2, 131, 181
What are the prime factors of 7742290?
2, 5, 774229
What are the prime factors of 262367?
7, 37, 1013
What are the prime factors of 30575040?
2, 3, 5, 31849
What are the prime factors of 546068?
2, 211, 647
List the prime factors of 63437.
11, 73, 79
What are the prime factors of 5548460?
2, 5, 17, 16319
What are the prime factors of 19307699?
17, 31, 36637
What are the prime factors of 144803?
89, 1627
List the prime factors of 8745372.
2, 3, 242927
What are the prime factors of 547557?
3, 182519
List the prime factors of 814911.
3, 271637
What are the prime factors of 9191898?
2, 3, 29, 17609
What are the prime factors of 1143578?
2, 571789
What are the prime factors of 2505234?
2, 3, 31, 13469
List the prime factors of 3934386.
2, 3, 72859
List the prime factors of 2716191.
3, 89, 3391
What are the prime factors of 1770486?
2, 3, 295081
What are the prime factors of 30344993?
7, 4334999
What are the prime factors of 13309370?
2, 5, 97, 13721
List the prime factors of 2167023.
3, 722341
What are the prime factors of 13332006?
2, 3, 246889
What are the prime factors of 21946751?
21946751
List the prime factors of 434636.
2, 193, 563
What are the prime factors of 85584?
2, 3, 1783
What are the prime factors of 600304?
2, 17, 2207
List the prime factors of 5527628.
2, 1381907
What are the prime factors of 207437?
23, 29, 311
List the prime factors of 5677065.
3, 5, 17, 41, 181
What are the prime factors of 4875418?
2, 2437709
What are the prime factors of 4206992?
2, 262937
List the prime factors of 5970134.
2, 2985067
List the prime factors of 3257510.
2, 5, 325751
List the prime factors of 17547206.
2, 23, 381461
List the prime factors of 886804.
2, 73, 3037
What are the prime factors of 7472139?
3, 2490713
List the prime factors of 3832621.
13, 113, 2609
What are the prime factors of 185761?
431
List the prime factors of 167328.
2, 3, 7, 83
What are the prime factors of 12603174?
2, 3, 31, 67759
What are the prime factors of 214748?
2, 37, 1451
What are the prime factors of 10753370?
2, 5, 1075337
What are the prime factors of 276657?
3, 92219
List the prime factors of 1662608.
2, 103913
What are the prime factors of 1494947?
1494947
List the prime factors of 3071145.
3, 5, 7, 11, 2659
What are the prime factors of 292357?
13, 43, 523
What are the prime factors of 713201?
17, 41953
List the prime factors of 14906068.
2, 229, 16273
List the prime factors of 7405261.
137, 191, 283
List the prime factors of 8886.
2, 3, 1481
What are the prime factors of 89427?
3, 13, 2293
What are the prime factors of 1275304?
2, 23, 29, 239
List the prime factors of 201106.
2, 193, 521
List the prime factors of 229401.
3, 71, 359
List the prime factors of 8302.
2, 7, 593
What are the prime factors of 114162?
2, 3, 53, 359
What are the prime factors of 116386?
2, 58193
List the prime factors of 8145578.
2, 7, 29, 20063
List the prime factors of 251579.
19, 13241
What are the prime factors of 143420?
2, 5, 71, 101
List the prime factors of 547856.
2, 97, 353
What are the prime factors of 11359386?
2, 3, 210359
What are the prime factors of 20738920?
2, 5, 518473
What are the prime factors of 4385470?
2, 5, 59, 7433
What are the prime factors of 13147953?
3, 7, 13, 17, 2833
What are the prime factors of 3678894?
2, 3, 19, 31, 347
List the prime factors of 8894.
2, 4447
List the prime factors of 684536.
2, 41, 2087
What are the prime factors of 718965?
3, 5, 13, 1229
What are the prime factors of 781959?
3, 61, 4273
List the prime factors of 1046573.
11, 95143
What are the prime factors of 262963?
59, 4457
What are the prime factors